h(t) = -7*t - 5. Let v be h(m). What is the highest common factor of v and 12?
6
Suppose -40 + 4 = -2*x - 4*a, -32 = -3*x + 5*a. What is the highest common factor of x and 56?
14
Suppose 288 = 3*w + 3*n, -4*w - 2*n + 384 = -n. What is the greatest common factor of 12 and w?
12
Let l = 54 - 29. Calculate the greatest common divisor of 10 and l.
5
Let p(y) = y**3 + 25*y**2 + 26*y + 54. Let f be p(-24). What is the greatest common factor of f and 2?
2
Suppose -120 = -2*a - 0*a. Suppose -80 = -5*r + 40. What is the highest common factor of r and a?
12
Suppose 0 = b - 4*c - 17, b - 113 = -3*b + c. Calculate the greatest common divisor of b and 29.
29
Let s = -63 + 91. Let h = s - 13. Let l = 25 - h. Calculate the highest common divisor of l and 40.
10
Let q(t) = -2 + 3 - 5 + 3*t + 1. Let z be q(3). What is the greatest common factor of z and 18?
6
Suppose -5*f + 21 = 2*a, a - f + 11 = -2*a. Let q be 14/(-7) + 2*-1. Let p be -1 - ((q - a) + 0). Calculate the highest common factor of p and 1.
1
Let i(u) = u**3 + 22*u**2 - 3*u - 10 - 17*u**2 - 5*u. Let b be i(-6). What is the greatest common factor of b and 8?
2
Let l = 25 - 15. Let p(m) = 3*m - 12. Let w be p(l). What is the greatest common factor of 12 and w?
6
Let f be -6*(-6)/18 - -10. What is the highest common factor of 36 and f?
12
Suppose 2*q - 9 - 1 = 0. Calculate the greatest common divisor of 35 and q.
5
Let c = -262 - -449. Calculate the highest common factor of c and 17.
17
Suppose 2*t - 227 = -217. Let u(o) = 2*o**2 + 5*o - 6. Let i be u(4). Let w = i + -26. Calculate the greatest common divisor of w and t.
5
Let f(k) = -4*k + 4. Let j be f(4). Let b = j + 20. Calculate the highest common divisor of b and 72.
8
Suppose 2*b - 4*b - 92 = 0. Let i = -19 - b. Let q be -2*(538/(-5) - 4/10). What is the highest common divisor of i and q?
27
Suppose -5*w = -25, 19 = -3*i + 2*i + w. Let a be 4/i + (-443)/(-7). What is the greatest common factor of 21 and a?
21
Suppose 0 = -3*f + f + 8. Let p(d) = d**3 - 5*d**2 - 20*d + 12. Let g be p(8). What is the highest common factor of f and g?
4
Suppose -2*d + 5*o + 10 = -d, -3*d + 5*o = -50. What is the highest common factor of 5 and d?
5
Let w be ((-180)/14)/((-3)/14). Let x = w - 32. What is the highest common factor of x and 7?
7
Suppose 0 = -16*u + 11*u + 40. Let j = -4 - -76. What is the greatest common factor of u and j?
8
Suppose -2*a + 5*a = 12. Suppose 5*l - a - 6 = 0. What is the greatest common divisor of l and 18?
2
Let d(j) = 4*j**2 + 2. Let s be d(-2). Let n(u) = u**2 + 5*u - 8. Let b be n(-7). What is the greatest common factor of b and s?
6
Suppose 0 = 4*x - 3*x + 34. Let t be (x/(-3))/(2/3). Let u(v) = 13*v - 18. Let l be u(4). Calculate the highest common factor of l and t.
17
Let p be 1/2 - (-357)/42. Calculate the highest common factor of 18 and p.
9
Let t be -10*3/18*-9. Let d = 42 - t. Let b be (-6 - -8)/(1/d). What is the highest common factor of 36 and b?
18
Let p(n) = -3*n**2 - 22*n + 1. Let d be p(-6). Calculate the highest common divisor of 275 and d.
25
Let a = -31 + 50. Let d = a + -12. What is the greatest common factor of d and 21?
7
Let r(u) = u**3 + 8*u**2 + 6*u - 12. Let d be r(-6). Suppose -j = -0*j - 2. Suppose -j*w + 16 + 0 = 0. Calculate the greatest common divisor of d and w.
8
Let v be 3 - ((4 - 7 - -3) + -1). Let y = -1 - -1. Let t be 3*(v + (y - 1)). Calculate the greatest common factor of 36 and t.
9
Let r be (-172)/(-8) - ((-27)/(-6) + -3). Calculate the highest common divisor of 20 and r.
20
Suppose 18 = 3*i - y + 3*y, 3*y = i - 6. Calculate the greatest common factor of i and 3.
3
Suppose 4*n + 9 = 5*n. Calculate the highest common factor of 6 and n.
3
Let q = 4 - 1. Suppose -22 = q*o - 7, -3*o + 80 = 5*i. Calculate the greatest common divisor of i and 171.
19
Let m = 6 - -7. Suppose 6*v = 3*v + 609. Let g = v - 138. What is the greatest common divisor of m and g?
13
Suppose -2*m + 2 + 0 = 0. Let b be (-35)/15*-9*m. What is the highest common factor of b and 189?
21
Let o(v) = 16*v**2 - v. Let d be o(1). Suppose 3*p - 6*p = -9. What is the highest common factor of p and d?
3
Let n(f) = -2*f - 1. Let p be n(-3). Let j = 181 - 166. Calculate the highest common divisor of j and p.
5
Let f = 4 - 2. Let g be 7 + 3 + 0 + 0. Calculate the greatest common divisor of g and f.
2
Let i = 7 + -3. Suppose i*b + 11 = 63. Calculate the greatest common divisor of b and 26.
13
Let u be (-163)/(-1) + (1 - -1). Calculate the highest common factor of u and 15.
15
Suppose -4*w = -2 - 14. Let r be (-140)/(-12) + w/(-6). Let l = 18 - 17. Calculate the greatest common factor of l and r.
1
Suppose 16 + 52 = 4*t. Suppose 3*z - 451 - 8 = 0. Calculate the highest common divisor of t and z.
17
Let x = 22 + -13. Let z be 0 - x/3*-5. Calculate the highest common factor of 105 and z.
15
Suppose 0 = 3*q + 25 - 157. What is the greatest common divisor of q and 66?
22
Let r = 272 + -96. Calculate the highest common divisor of 11 and r.
11
Suppose -m - d + 1 = 0, 7 = 5*m - 2*d + 2. Let p(k) = -k**2 - 2*k + 1. Let v be p(1). Let l = -1 - v. What is the greatest common factor of l and m?
1
Let u(m) = 46*m**2 + m + 2. Let k be u(-2). Let b = -103 + 126. Calculate the highest common factor of b and k.
23
Suppose 2*o + 2*r + 0*r - 24 = 0, 5*o - 75 = -2*r. What is the highest common divisor of 85 and o?
17
Suppose 0 = -5*y + 3*n + 344 + 496, -5*y = 2*n - 815. Calculate the greatest common divisor of y and 15.
15
Suppose 0 = 4*d - 37 - 15. What is the greatest common divisor of d and 117?
13
Suppose 2*n = 4*g + 131 + 235, -n + 4*g + 177 = 0. Calculate the greatest common factor of n and 21.
21
Suppose 4*x = 5*x - 11. Let k(o) = -o**2 + 17*o. Let f be k(x). Calculate the highest common divisor of 6 and f.
6
Let o be -4 - (-90)/3 - 2. Calculate the highest common factor of o and 6.
6
Suppose -4*g + 40 + 20 = 0. Suppose 9*z = 4*z + 5*k + 75, -g = -5*k. Calculate the highest common factor of 9 and z.
9
Let a(t) = -t**3 - 7*t**2 - 1. Let x be a(-7). Let h be -1 - (x + 156/(-3)). Let j = 16 - 3. What is the greatest common factor of h and j?
13
Suppose 0*t + 238 = 5*t - 2*v, -3*t - 5*v = -149. Let f(u) = 5*u**2 + 4*u - 1. Let n be f(-3). Calculate the greatest common divisor of t and n.
16
Let d be 2/(-2*3/(-57)). Suppose 2*u - 390 = -5*n, -2*u - 2*u = n - 96. Calculate the greatest common divisor of d and n.
19
Let h = 12 + 12. Calculate the greatest common factor of 12 and h.
12
Let h(l) = l**3 - 15*l**2 - 16*l + 11. Let j be h(16). Suppose -5*u = -4*s - 0*u + 196, 80 = 2*s + 2*u. Calculate the greatest common divisor of j and s.
11
Suppose -3*o = -6*o + 96. Suppose -8 = 4*b - 5*b. Calculate the greatest common divisor of b and o.
8
Let w = -13 - -35. What is the highest common divisor of 55 and w?
11
Let n be 0 + 1 + -2 + 181. Suppose n = 2*z - 106. What is the greatest common divisor of z and 13?
13
Suppose 6 + 10 = 2*f + 5*l, 0 = f - 2*l + 10. Let g be (f/6 + 0)*-42. What is the highest common divisor of g and 70?
14
Let u be 2/(2 + 4/(-3)). Suppose -3*v + 70 = -4*r, -86 = -5*v + r - 2*r. Let i be (10/6)/(u/v). What is the greatest common divisor of 30 and i?
10
Suppose 3*f - 363 = -m, -f - 5*m + 255 = f. What is the greatest common factor of 15 and f?
15
Let j(r) = 4*r**2 - r + 1. Let x be j(1). Let a(i) = -i**2 - 8*i + 2. Let z be a(-8). What is the highest common divisor of z and x?
2
Suppose 11*w - 8*w - 30 = 0. Calculate the greatest common factor of 70 and w.
10
Suppose -a - 4*v + 22 = -2*v, 3*a = -4*v + 62. What is the highest common divisor of a and 2?
2
Let m = 3 + -2. Let r be 39 - 2/(0 - m). Let l = 65 - r. What is the greatest common factor of l and 60?
12
Let w = -22 + 72. What is the highest common factor of 10 and w?
10
Let x(n) = -7*n - 5. Let f be x(-8). What is the highest common factor of f and 3?
3
Let x = 5 - 1. Let h(m) be the third derivative of m**5/20 - m**4/4 + m**3/2 - 9*m**2. Let v be h(x). Calculate the highest common divisor of v and 9.
9
Let m be (-3)/(18/159)*2. Let c = m + 114. Let j = c - 41. Calculate the highest common divisor of 4 and j.
4
Let a = 3 - 2. Let n(x) = -4*x - 8. Let c be n(-3). Calculate the highest common divisor of c and a.
1
Suppose -4 = -r - 0. Suppose -5*b - 4*h - 2 = 0, 4*b + r*h - 1 = -5. Let